{"id":80,"date":"2021-02-08T13:22:09","date_gmt":"2021-02-08T12:22:09","guid":{"rendered":"http:\/\/motorradcamperreisen.de\/?page_id=80"},"modified":"2024-08-29T16:40:36","modified_gmt":"2024-08-29T14:40:36","slug":"schroeder","status":"publish","type":"page","link":"http:\/\/motorradcamperreisen.de\/?page_id=80","title":{"rendered":"Schr\u00f6der &#8230;. ist Vergangenheit und hoffentlich in guten H\u00e4nden"},"content":{"rendered":"\n<figure class=\"wp-block-gallery has-nested-images columns-default is-cropped wp-block-gallery-1 is-layout-flex wp-block-gallery-is-layout-flex\">\n<figure class=\"wp-block-image size-large\"><img loading=\"lazy\" decoding=\"async\" width=\"768\" height=\"1024\" data-id=\"23\" src=\"http:\/\/motorradcamperreisen.de\/wp-content\/uploads\/2021\/02\/IMG-20201111-WA0000-768x1024.jpg\" alt=\"Das erst Foto vom Tag der Abholung\" class=\"wp-image-23\"\/><figcaption>Das erste Foto vom Tag der Abholung<\/figcaption><\/figure>\n<\/figure>\n\n\n\n<p><\/p>\n\n\n\n<p>VW Caddy Maxi, 1,6 TDI, 102 PS, Sondermodel CUP. Besondere Highlights: Standheizung, hinten get\u00f6nte Scheiben, Automatik und noch das ein oder andere kleine nette Feature. Drei Sitzreihen. Optisch nicht im besten Zustand, aber da l\u00e4sst sich ja durchaus was draus machen.<\/p>\n\n\n\n<p>Nun ist er da, der Schr\u00f6der, und wir haben uns in den letzten 2 Monaten erst mal aneinander gew\u00f6hnt.<\/p>\n\n\n\n<p>In der Gew\u00f6hnungsphase habe ich dann mit der Planung angefangen. Zun\u00e4chst habe ich unz\u00e4hlige YouTube Videos angesehen. W\u00f6chentlich \u00e4nderte ich meine Meinung vom Innenausbau. Irgendwann war ich so genervt, dass ich erst mal eine Planungspause einlegen musste. Letztlich habe ich alle Zettel und Notizen weggeworfen und nochmal neu angefangen.<\/p>\n\n\n\n<p>Geplant ist nun:<\/p>\n\n\n\n<p>Die hinterste Sitzbank fliegt von M\u00e4rz bis November raus. Die mittlere Sitzbank bleibt drin und wird bei Campingwochenenden umgelegt und als Sitzbank bzw. Bett verwendet. Bei l\u00e4ngeren Touren kommt sie raus und stattdessen eine Box hinein. Als Boden dient mir eine <a href=\"http:\/\/<iframe style=&quot;width:120px;height:240px;&quot; marginwidth=&quot;0&quot; marginheight=&quot;0&quot; scrolling=&quot;no&quot; frameborder=&quot;0&quot; src=&quot;\/\/ws-eu.amazon-adsystem.com\/widgets\/q?ServiceVersion=20070822&amp;OneJS=1&amp;Operation=GetAdHtml&amp;MarketPlace=DE&amp;source=ac&amp;ref=tf_til&amp;ad_type=product_link&amp;tracking_id=27061966-21&amp;marketplace=amazon&amp;region=DE&amp;placement=B01HS0ZLXK&amp;asins=B01HS0ZLXK&amp;linkId=1ec04207c63c8bcc66eafaadc4754993&amp;show_border=false&amp;link_opens_in_new_window=false&amp;price_color=333333&amp;title_color=0066c0&amp;bg_color=ffffff&quot;&gt;     <\/iframe&gt;\" target=\"_blank\" rel=\"noreferrer noopener\">Siebdruckplatte<\/a>.  Die Einbauten werden mit der Siebdruckplatte verbunden \u2013 aber so, dass ich sie jederzeit innerhalb eines \u00fcberschaubaren Zeitraums wieder ausbauen kann. Die Siebdruckplatte an sich verbinde ich mit den Zurr\u00f6sen am Fahrzeugboden.<\/p>\n\n\n\n<p>Der Einzelsitz in der zweiten Reihe kommt ganz raus. Da ich \u00fcber die Beifahrer-Schiebet\u00fcr ein- und aussteigen werde, st\u00f6rt er. Da soll auch nichts vorgestellt werden, denn das wird mein Notausgang f\u00fcr den Fall der F\u00e4lle. Btw\u2026. mich wundert immer wieder, dass viele sich die beiden Seitent\u00fcren zubauen und somit im Ernstfall gar nicht so schnell aus dem Fahrzeug kommen. Wenn dann noch \u2013 wie bei mir \u2013 eine Heckklappe ins Spiel kommt, frage ich mich, wie ich das Fahrzeug schnell verlassen sollte. Bin da nur ich \u201e\u00fcber\u00e4ngstlich\u201c?<\/p>\n\n\n\n<p>Geschlafen wird auf der Fahrerseite. Geplant habe ich ein Lattenrost, welches ich ebenfalls selbst bauen werde.<\/p>\n\n\n\n<p>Auf die andere Seite kommt die K\u00fcchen\/Materialversorgung mit Sp\u00fcle, Herd und Staufl\u00e4chen. <\/p>\n\n\n\n<p>Unklar ist aktuell noch die Stromversorgung. Besser gesagt, ob ich \u00fcberhaupt eine ben\u00f6tigen werde. Ich habe nicht vor im Hochsommer zu fahren. Da nehm ich dann doch lieber das Motorrad. Strom f\u00fcr die K\u00fchlbox entf\u00e4llt also bzw. reicht es, wenn ich w\u00e4hrend der Fahrt k\u00fchle. Handy ebenso. Laptop (bei langen Reisen) kann ich mit meiner *Linke* laden, den Akku des Ger\u00e4tes lade ich \u00fcber Landstrom, da ich in D meistens auf dem Campingplatz stehen werde. F\u00fcr meinen geplanten Norwegentripp sieht das nat\u00fcrlich anders aus, aber das dauert ja noch ein paar Monate.<\/p>\n\n\n\n<p>Nachtrag (06\/2021): Die Zeichungen unten sind noch der erste Entwurf, es ist ganz anders gekommen&#8230;&#8230;.<\/p>\n\n\n\n<figure class=\"wp-block-gallery has-nested-images columns-default is-cropped wp-block-gallery-2 is-layout-flex wp-block-gallery-is-layout-flex\">\n<figure class=\"wp-block-image size-large\"><img loading=\"lazy\" decoding=\"async\" width=\"768\" height=\"1024\" data-id=\"84\" src=\"http:\/\/motorradcamperreisen.de\/wp-content\/uploads\/2021\/02\/Grundplan-1-768x1024.jpg\" alt=\"\" class=\"wp-image-84\" srcset=\"http:\/\/motorradcamperreisen.de\/wp-content\/uploads\/2021\/02\/Grundplan-1-768x1024.jpg 768w, http:\/\/motorradcamperreisen.de\/wp-content\/uploads\/2021\/02\/Grundplan-1-225x300.jpg 225w, http:\/\/motorradcamperreisen.de\/wp-content\/uploads\/2021\/02\/Grundplan-1-1152x1536.jpg 1152w, http:\/\/motorradcamperreisen.de\/wp-content\/uploads\/2021\/02\/Grundplan-1-1536x2048.jpg 1536w, http:\/\/motorradcamperreisen.de\/wp-content\/uploads\/2021\/02\/Grundplan-1-scaled.jpg 1920w\" sizes=\"(max-width: 768px) 100vw, 768px\" \/><\/figure>\n\n\n\n<figure class=\"wp-block-image size-large\"><img loading=\"lazy\" decoding=\"async\" width=\"768\" height=\"1024\" data-id=\"85\" src=\"http:\/\/motorradcamperreisen.de\/wp-content\/uploads\/2021\/02\/Kueche-Front-1-768x1024.jpg\" alt=\"\" class=\"wp-image-85\" srcset=\"http:\/\/motorradcamperreisen.de\/wp-content\/uploads\/2021\/02\/Kueche-Front-1-768x1024.jpg 768w, http:\/\/motorradcamperreisen.de\/wp-content\/uploads\/2021\/02\/Kueche-Front-1-225x300.jpg 225w, http:\/\/motorradcamperreisen.de\/wp-content\/uploads\/2021\/02\/Kueche-Front-1-1152x1536.jpg 1152w, http:\/\/motorradcamperreisen.de\/wp-content\/uploads\/2021\/02\/Kueche-Front-1-1536x2048.jpg 1536w, http:\/\/motorradcamperreisen.de\/wp-content\/uploads\/2021\/02\/Kueche-Front-1-scaled.jpg 1920w\" sizes=\"(max-width: 768px) 100vw, 768px\" \/><\/figure>\n<figcaption class=\"blocks-gallery-caption\"><mark style=\"background-color:rgba(0, 0, 0, 0)\" class=\"has-inline-color has-black-color\">Links: Grundri\u00df, rechts K\u00fcchenplanung &#8211; nix mit Ma\u00dfstab, nur die Idee wollte ich fixieren<\/mark><\/figcaption><\/figure>\n\n\n\n<p>Weiter gehts mit der <a href=\"http:\/\/motorradcamperreisen.de\/wp-admin\/post.php?post=95&amp;action=edit\">Bodenplatte<\/a><\/p>\n","protected":false},"excerpt":{"rendered":"<p>VW Caddy Maxi, 1,6 TDI, 102 PS, Sondermodel CUP. Besondere Highlights: Standheizung, hinten get\u00f6nte Scheiben, Automatik und noch das ein oder andere kleine nette Feature. Drei Sitzreihen. Optisch nicht im besten Zustand, aber da l\u00e4sst sich ja durchaus was draus machen. Nun ist er da, der Schr\u00f6der, und wir haben uns in den letzten 2 [&hellip;]<\/p>\n","protected":false},"author":1,"featured_media":0,"parent":22,"menu_order":1,"comment_status":"open","ping_status":"closed","template":"","meta":{"site-sidebar-layout":"default","site-content-layout":"default","ast-site-content-layout":"default","site-content-style":"default","site-sidebar-style":"default","ast-global-header-display":"","ast-banner-title-visibility":"","ast-main-header-display":"","ast-hfb-above-header-display":"","ast-hfb-below-header-display":"","ast-hfb-mobile-header-display":"","site-post-title":"","ast-breadcrumbs-content":"","ast-featured-img":"","footer-sml-layout":"","ast-disable-related-posts":"","theme-transparent-header-meta":"default","adv-header-id-meta":"","stick-header-meta":"","header-above-stick-meta":"","header-main-stick-meta":"","header-below-stick-meta":"","astra-migrate-meta-layouts":"set","ast-page-background-enabled":"default","ast-page-background-meta":{"desktop":{"background-color":"","background-image":"","background-repeat":"repeat","background-position":"center center","background-size":"auto","background-attachment":"scroll","background-type":"","background-media":"","overlay-type":"","overlay-color":"","overlay-opacity":"","overlay-gradient":""},"tablet":{"background-color":"","background-image":"","background-repeat":"repeat","background-position":"center center","background-size":"auto","background-attachment":"scroll","background-type":"","background-media":"","overlay-type":"","overlay-color":"","overlay-opacity":"","overlay-gradient":""},"mobile":{"background-color":"","background-image":"","background-repeat":"repeat","background-position":"center center","background-size":"auto","background-attachment":"scroll","background-type":"","background-media":"","overlay-type":"","overlay-color":"","overlay-opacity":"","overlay-gradient":""}},"ast-content-background-meta":{"desktop":{"background-color":"var(--ast-global-color-5)","background-image":"","background-repeat":"repeat","background-position":"center center","background-size":"auto","background-attachment":"scroll","background-type":"","background-media":"","overlay-type":"","overlay-color":"","overlay-opacity":"","overlay-gradient":""},"tablet":{"background-color":"var(--ast-global-color-5)","background-image":"","background-repeat":"repeat","background-position":"center center","background-size":"auto","background-attachment":"scroll","background-type":"","background-media":"","overlay-type":"","overlay-color":"","overlay-opacity":"","overlay-gradient":""},"mobile":{"background-color":"var(--ast-global-color-5)","background-image":"","background-repeat":"repeat","background-position":"center center","background-size":"auto","background-attachment":"scroll","background-type":"","background-media":"","overlay-type":"","overlay-color":"","overlay-opacity":"","overlay-gradient":""}},"footnotes":""},"yoast_head":"<!-- This site is optimized with the Yoast SEO plugin v24.5 - https:\/\/yoast.com\/wordpress\/plugins\/seo\/ -->\n<title>Schr\u00f6der .... ist Vergangenheit und hoffentlich in guten H\u00e4nden - motorradcamperreisen.de<\/title>\n<meta name=\"description\" content=\"Wie ich meinen Minicamper ausbau...\" \/>\n<meta name=\"robots\" content=\"index, follow, max-snippet:-1, max-image-preview:large, max-video-preview:-1\" \/>\n<link rel=\"canonical\" href=\"http:\/\/motorradcamperreisen.de\/?page_id=80\" \/>\n<meta property=\"og:locale\" content=\"de_DE\" \/>\n<meta property=\"og:type\" content=\"article\" \/>\n<meta property=\"og:title\" content=\"Schr\u00f6der .... ist Vergangenheit und hoffentlich in guten H\u00e4nden - motorradcamperreisen.de\" \/>\n<meta property=\"og:description\" content=\"Wie ich meinen Minicamper ausbau...\" \/>\n<meta property=\"og:url\" content=\"http:\/\/motorradcamperreisen.de\/?page_id=80\" \/>\n<meta property=\"og:site_name\" content=\"motorradcamperreisen.de\" \/>\n<meta property=\"article:modified_time\" content=\"2024-08-29T14:40:36+00:00\" \/>\n<meta property=\"og:image\" content=\"http:\/\/motorradcamperreisen.de\/wp-content\/uploads\/2021\/02\/IMG-20201111-WA0000-768x1024.jpg\" \/>\n<meta name=\"twitter:card\" content=\"summary_large_image\" \/>\n<meta name=\"twitter:label1\" content=\"Gesch\u00e4tzte Lesezeit\" \/>\n\t<meta name=\"twitter:data1\" content=\"4\u00a0Minuten\" \/>\n<script type=\"application\/ld+json\" class=\"yoast-schema-graph\">{\"@context\":\"https:\/\/schema.org\",\"@graph\":[{\"@type\":\"WebPage\",\"@id\":\"http:\/\/motorradcamperreisen.de\/?page_id=80\",\"url\":\"http:\/\/motorradcamperreisen.de\/?page_id=80\",\"name\":\"Schr\u00f6der .... ist Vergangenheit und hoffentlich in guten H\u00e4nden - motorradcamperreisen.de\",\"isPartOf\":{\"@id\":\"http:\/\/motorradcamperreisen.de\/#website\"},\"primaryImageOfPage\":{\"@id\":\"http:\/\/motorradcamperreisen.de\/?page_id=80#primaryimage\"},\"image\":{\"@id\":\"http:\/\/motorradcamperreisen.de\/?page_id=80#primaryimage\"},\"thumbnailUrl\":\"http:\/\/motorradcamperreisen.de\/wp-content\/uploads\/2021\/02\/IMG-20201111-WA0000-768x1024.jpg\",\"datePublished\":\"2021-02-08T12:22:09+00:00\",\"dateModified\":\"2024-08-29T14:40:36+00:00\",\"description\":\"Wie ich meinen Minicamper ausbau...\",\"breadcrumb\":{\"@id\":\"http:\/\/motorradcamperreisen.de\/?page_id=80#breadcrumb\"},\"inLanguage\":\"de\",\"potentialAction\":[{\"@type\":\"ReadAction\",\"target\":[\"http:\/\/motorradcamperreisen.de\/?page_id=80\"]}]},{\"@type\":\"ImageObject\",\"inLanguage\":\"de\",\"@id\":\"http:\/\/motorradcamperreisen.de\/?page_id=80#primaryimage\",\"url\":\"http:\/\/motorradcamperreisen.de\/wp-content\/uploads\/2021\/02\/IMG-20201111-WA0000-768x1024.jpg\",\"contentUrl\":\"http:\/\/motorradcamperreisen.de\/wp-content\/uploads\/2021\/02\/IMG-20201111-WA0000-768x1024.jpg\"},{\"@type\":\"BreadcrumbList\",\"@id\":\"http:\/\/motorradcamperreisen.de\/?page_id=80#breadcrumb\",\"itemListElement\":[{\"@type\":\"ListItem\",\"position\":1,\"name\":\"Startseite\",\"item\":\"http:\/\/motorradcamperreisen.de\/\"},{\"@type\":\"ListItem\",\"position\":2,\"name\":\"Camper\",\"item\":\"http:\/\/motorradcamperreisen.de\/?page_id=22\"},{\"@type\":\"ListItem\",\"position\":3,\"name\":\"Schr\u00f6der &#8230;. ist Vergangenheit und hoffentlich in guten H\u00e4nden\"}]},{\"@type\":\"WebSite\",\"@id\":\"http:\/\/motorradcamperreisen.de\/#website\",\"url\":\"http:\/\/motorradcamperreisen.de\/\",\"name\":\"motorradcamperreisen.de\",\"description\":\"Motorradtouren, Camperreisen, St\u00e4dtetrips und was mir sonst noch so einf\u00e4llt....\",\"publisher\":{\"@id\":\"http:\/\/motorradcamperreisen.de\/#\/schema\/person\/3b5f74e4181c032b66d5c7b9f7ec1790\"},\"potentialAction\":[{\"@type\":\"SearchAction\",\"target\":{\"@type\":\"EntryPoint\",\"urlTemplate\":\"http:\/\/motorradcamperreisen.de\/?s={search_term_string}\"},\"query-input\":{\"@type\":\"PropertyValueSpecification\",\"valueRequired\":true,\"valueName\":\"search_term_string\"}}],\"inLanguage\":\"de\"},{\"@type\":[\"Person\",\"Organization\"],\"@id\":\"http:\/\/motorradcamperreisen.de\/#\/schema\/person\/3b5f74e4181c032b66d5c7b9f7ec1790\",\"name\":\"Bile66\",\"image\":{\"@type\":\"ImageObject\",\"inLanguage\":\"de\",\"@id\":\"http:\/\/motorradcamperreisen.de\/#\/schema\/person\/image\/\",\"url\":\"http:\/\/motorradcamperreisen.de\/wp-content\/uploads\/2022\/07\/IMG_20191005_143007-scaled.jpg\",\"contentUrl\":\"http:\/\/motorradcamperreisen.de\/wp-content\/uploads\/2022\/07\/IMG_20191005_143007-scaled.jpg\",\"width\":1920,\"height\":2560,\"caption\":\"Bile66\"},\"logo\":{\"@id\":\"http:\/\/motorradcamperreisen.de\/#\/schema\/person\/image\/\"},\"sameAs\":[\"http:\/\/motorradcamperreisen.de\"]}]}<\/script>\n<!-- \/ Yoast SEO plugin. -->","yoast_head_json":{"title":"Schr\u00f6der .... ist Vergangenheit und hoffentlich in guten H\u00e4nden - motorradcamperreisen.de","description":"Wie ich meinen Minicamper ausbau...","robots":{"index":"index","follow":"follow","max-snippet":"max-snippet:-1","max-image-preview":"max-image-preview:large","max-video-preview":"max-video-preview:-1"},"canonical":"http:\/\/motorradcamperreisen.de\/?page_id=80","og_locale":"de_DE","og_type":"article","og_title":"Schr\u00f6der .... ist Vergangenheit und hoffentlich in guten H\u00e4nden - motorradcamperreisen.de","og_description":"Wie ich meinen Minicamper ausbau...","og_url":"http:\/\/motorradcamperreisen.de\/?page_id=80","og_site_name":"motorradcamperreisen.de","article_modified_time":"2024-08-29T14:40:36+00:00","og_image":[{"url":"http:\/\/motorradcamperreisen.de\/wp-content\/uploads\/2021\/02\/IMG-20201111-WA0000-768x1024.jpg","type":"","width":"","height":""}],"twitter_card":"summary_large_image","twitter_misc":{"Gesch\u00e4tzte Lesezeit":"4\u00a0Minuten"},"schema":{"@context":"https:\/\/schema.org","@graph":[{"@type":"WebPage","@id":"http:\/\/motorradcamperreisen.de\/?page_id=80","url":"http:\/\/motorradcamperreisen.de\/?page_id=80","name":"Schr\u00f6der .... ist Vergangenheit und hoffentlich in guten H\u00e4nden - motorradcamperreisen.de","isPartOf":{"@id":"http:\/\/motorradcamperreisen.de\/#website"},"primaryImageOfPage":{"@id":"http:\/\/motorradcamperreisen.de\/?page_id=80#primaryimage"},"image":{"@id":"http:\/\/motorradcamperreisen.de\/?page_id=80#primaryimage"},"thumbnailUrl":"http:\/\/motorradcamperreisen.de\/wp-content\/uploads\/2021\/02\/IMG-20201111-WA0000-768x1024.jpg","datePublished":"2021-02-08T12:22:09+00:00","dateModified":"2024-08-29T14:40:36+00:00","description":"Wie ich meinen Minicamper ausbau...","breadcrumb":{"@id":"http:\/\/motorradcamperreisen.de\/?page_id=80#breadcrumb"},"inLanguage":"de","potentialAction":[{"@type":"ReadAction","target":["http:\/\/motorradcamperreisen.de\/?page_id=80"]}]},{"@type":"ImageObject","inLanguage":"de","@id":"http:\/\/motorradcamperreisen.de\/?page_id=80#primaryimage","url":"http:\/\/motorradcamperreisen.de\/wp-content\/uploads\/2021\/02\/IMG-20201111-WA0000-768x1024.jpg","contentUrl":"http:\/\/motorradcamperreisen.de\/wp-content\/uploads\/2021\/02\/IMG-20201111-WA0000-768x1024.jpg"},{"@type":"BreadcrumbList","@id":"http:\/\/motorradcamperreisen.de\/?page_id=80#breadcrumb","itemListElement":[{"@type":"ListItem","position":1,"name":"Startseite","item":"http:\/\/motorradcamperreisen.de\/"},{"@type":"ListItem","position":2,"name":"Camper","item":"http:\/\/motorradcamperreisen.de\/?page_id=22"},{"@type":"ListItem","position":3,"name":"Schr\u00f6der &#8230;. ist Vergangenheit und hoffentlich in guten H\u00e4nden"}]},{"@type":"WebSite","@id":"http:\/\/motorradcamperreisen.de\/#website","url":"http:\/\/motorradcamperreisen.de\/","name":"motorradcamperreisen.de","description":"Motorradtouren, Camperreisen, St\u00e4dtetrips und was mir sonst noch so einf\u00e4llt....","publisher":{"@id":"http:\/\/motorradcamperreisen.de\/#\/schema\/person\/3b5f74e4181c032b66d5c7b9f7ec1790"},"potentialAction":[{"@type":"SearchAction","target":{"@type":"EntryPoint","urlTemplate":"http:\/\/motorradcamperreisen.de\/?s={search_term_string}"},"query-input":{"@type":"PropertyValueSpecification","valueRequired":true,"valueName":"search_term_string"}}],"inLanguage":"de"},{"@type":["Person","Organization"],"@id":"http:\/\/motorradcamperreisen.de\/#\/schema\/person\/3b5f74e4181c032b66d5c7b9f7ec1790","name":"Bile66","image":{"@type":"ImageObject","inLanguage":"de","@id":"http:\/\/motorradcamperreisen.de\/#\/schema\/person\/image\/","url":"http:\/\/motorradcamperreisen.de\/wp-content\/uploads\/2022\/07\/IMG_20191005_143007-scaled.jpg","contentUrl":"http:\/\/motorradcamperreisen.de\/wp-content\/uploads\/2022\/07\/IMG_20191005_143007-scaled.jpg","width":1920,"height":2560,"caption":"Bile66"},"logo":{"@id":"http:\/\/motorradcamperreisen.de\/#\/schema\/person\/image\/"},"sameAs":["http:\/\/motorradcamperreisen.de"]}]}},"_links":{"self":[{"href":"http:\/\/motorradcamperreisen.de\/index.php?rest_route=\/wp\/v2\/pages\/80"}],"collection":[{"href":"http:\/\/motorradcamperreisen.de\/index.php?rest_route=\/wp\/v2\/pages"}],"about":[{"href":"http:\/\/motorradcamperreisen.de\/index.php?rest_route=\/wp\/v2\/types\/page"}],"author":[{"embeddable":true,"href":"http:\/\/motorradcamperreisen.de\/index.php?rest_route=\/wp\/v2\/users\/1"}],"replies":[{"embeddable":true,"href":"http:\/\/motorradcamperreisen.de\/index.php?rest_route=%2Fwp%2Fv2%2Fcomments&post=80"}],"version-history":[{"count":9,"href":"http:\/\/motorradcamperreisen.de\/index.php?rest_route=\/wp\/v2\/pages\/80\/revisions"}],"predecessor-version":[{"id":4714,"href":"http:\/\/motorradcamperreisen.de\/index.php?rest_route=\/wp\/v2\/pages\/80\/revisions\/4714"}],"up":[{"embeddable":true,"href":"http:\/\/motorradcamperreisen.de\/index.php?rest_route=\/wp\/v2\/pages\/22"}],"wp:attachment":[{"href":"http:\/\/motorradcamperreisen.de\/index.php?rest_route=%2Fwp%2Fv2%2Fmedia&parent=80"}],"curies":[{"name":"wp","href":"https:\/\/api.w.org\/{rel}","templated":true}]}}