{"id":26,"date":"2021-02-06T21:21:03","date_gmt":"2021-02-06T20:21:03","guid":{"rendered":"http:\/\/motorradcamperreisen.de\/?page_id=26"},"modified":"2022-05-29T17:40:01","modified_gmt":"2022-05-29T15:40:01","slug":"motorrad","status":"publish","type":"page","link":"http:\/\/motorradcamperreisen.de\/?page_id=26","title":{"rendered":"Motorrad"},"content":{"rendered":"\n<p>Motorradfahren &#8211; eine Leidenschaft, die ich nun seit 2014 habe.<\/p>\n\n\n\n<p>Es begann mit einer Reha. Meine damaligen Mitstreiter (an dieser Stelle erw\u00e4hne ich mal, dass ich mit M\u00e4nnern deutlich besser klar komme als mit Frauen &#8211; vor allem wenn sie das Tussi-Gen haben) fuhren Motorrad. Immer wieder erz\u00e4hlten sie auch von Touren, von Ihren Motorr\u00e4dern, vom Feeling&#8230;.<\/p>\n\n\n\n<p>Dann kam mein Therapeut ins Spiel. Er fragte mich eines Tages &#8222;was haben Sie eigentlich jemals f\u00fcr sich selbst gemacht?&#8220;. Haus, Garten, Kind, Job&#8230;.. &#8222;Nein, nur f\u00fcr sich ganz allein?&#8220; &#8211; Dazu konnte ich ihm leider keine wirkliche Antwort geben. Auf die Frage, was ich denn gern einmal nur f\u00fcr mich machen m\u00f6chte kam sofort: Motorrad fahren. Das war losgel\u00f6st von den Erz\u00e4hlungen meiner Mitstreiter, es war schon lange ein Traum.  Als Jugendliche fehlte mir das Geld, als junge Erwachsene war ich schon mit Eigentum besch\u00e4ftigt, in den 30igern war ich alleinerziehende Mutter&#8230;. Jetzt allerdings war die Zeit reif. <\/p>\n\n\n\n<p>Am 25.07.2014 habe ich meinen F\u00fchrerschein gemacht. Der Weg bis zur Pr\u00fcfung war lang, steinig und teuer. Der Fahrlehrer, seinerseits vom richtig alten Schlag, hatte ein ernsthaftes Problem mit einer Frau und dem Wunsch nach Motorradf\u00fchrerschein &#8211; und dann noch in dem Alter (er selbst war Mitte\/Ende 60 Jahre alt). Nun ja, letztlich konnte er dann aber nichts machen und ich hatte den F\u00fchrerschein. <\/p>\n\n\n\n<p>Dann war mir das Gl\u00fcck hold: eine Bekannte aus Berlin wollte zu dieser Zeit ihr Motorrad verkaufen. Da ich sie kenne und wei\u00df, dass ihr Mann sich immer um alles k\u00fcmmert, die Maschine oft in der Fachwerkstatt gewartet und instandgesetzt wurde und nur auf Langstrecken lief, habe ich mir spontan Erna gekauft.<\/p>\n\n\n\n<p>Erna war (oder ist immer noch? Ich habe sie 2018 verkauft) eine Honda CBF600 SA. Ein tolles Motorrad, gerade f\u00fcr Anf\u00e4nger wirklich gut zu h\u00e4ndeln und sehr gutm\u00fctig. Ich habe unglaublich viel Spa\u00df mir ihr gehabt &#8211; und viele Umfaller. Leider ist es so, dass ich gerade mal 162,5 cm (auf die ,5 lege ich besonders Wert) lang bin und somit auf jedem Motorrad Probleme habe den Boden vern\u00fcnftig zu erreichen. Nachdem ich mehrfach auf der Nase gelegen habe (nie mit Personenschaden), habe ich mir Gedanken um eine Ver\u00e4nderung gemacht.<\/p>\n\n\n\n<p>So kam dann 2018 meine Karla ins Haus. Eine Kawasaki Vulcan S. Wenn ich Erna schon geliebt habe &#8211; und als meine erste Motorradliebe werde ich immer an sie denken &#8211; so ist das Fahren mit Karla ein Tr\u00e4umchen. Ich komme immer und jederzeit mit den F\u00fc\u00dfen standfest auf den Boden. Ich kann endlich auf der Stra\u00dfe wenden, ich fahre \u00fcber Schotter (wenns denn sein muss), \u00fcber Feldwege und Grasnaben und habe jederzeit das Gef\u00fchl sie zu beherrschen. Einen besseren Tausch konnte ich aus heutiger Sicht gar nicht machen. Zumal ich auch diesmal Gl\u00fcck hatte: das Angebot war Top und es gab keinerlei Grund lange zu z\u00f6gern. <\/p>\n\n\n\n<p>Was wir so miteinander erlebt haben und zuk\u00fcnftig erleben werden, gibts dann auf Folgeseiten zu lesen.<\/p>\n\n\n","protected":false},"excerpt":{"rendered":"<p>Motorradfahren &#8211; eine Leidenschaft, die ich nun seit 2014 habe. Es begann mit einer Reha. Meine damaligen Mitstreiter (an dieser Stelle erw\u00e4hne ich mal, dass ich mit M\u00e4nnern deutlich besser klar komme als mit Frauen &#8211; vor allem wenn sie das Tussi-Gen haben) fuhren Motorrad. Immer wieder erz\u00e4hlten sie auch von Touren, von Ihren Motorr\u00e4dern, [&hellip;]<\/p>\n","protected":false},"author":1,"featured_media":0,"parent":0,"menu_order":0,"comment_status":"open","ping_status":"closed","template":"","meta":{"site-sidebar-layout":"default","site-content-layout":"default","ast-site-content-layout":"default","site-content-style":"default","site-sidebar-style":"default","ast-global-header-display":"","ast-banner-title-visibility":"","ast-main-header-display":"","ast-hfb-above-header-display":"","ast-hfb-below-header-display":"","ast-hfb-mobile-header-display":"","site-post-title":"","ast-breadcrumbs-content":"","ast-featured-img":"","footer-sml-layout":"","ast-disable-related-posts":"","theme-transparent-header-meta":"default","adv-header-id-meta":"","stick-header-meta":"","header-above-stick-meta":"","header-main-stick-meta":"","header-below-stick-meta":"","astra-migrate-meta-layouts":"default","ast-page-background-enabled":"default","ast-page-background-meta":{"desktop":{"background-color":"","background-image":"","background-repeat":"repeat","background-position":"center center","background-size":"auto","background-attachment":"scroll","background-type":"","background-media":"","overlay-type":"","overlay-color":"","overlay-opacity":"","overlay-gradient":""},"tablet":{"background-color":"","background-image":"","background-repeat":"repeat","background-position":"center center","background-size":"auto","background-attachment":"scroll","background-type":"","background-media":"","overlay-type":"","overlay-color":"","overlay-opacity":"","overlay-gradient":""},"mobile":{"background-color":"","background-image":"","background-repeat":"repeat","background-position":"center center","background-size":"auto","background-attachment":"scroll","background-type":"","background-media":"","overlay-type":"","overlay-color":"","overlay-opacity":"","overlay-gradient":""}},"ast-content-background-meta":{"desktop":{"background-color":"var(--ast-global-color-5)","background-image":"","background-repeat":"repeat","background-position":"center center","background-size":"auto","background-attachment":"scroll","background-type":"","background-media":"","overlay-type":"","overlay-color":"","overlay-opacity":"","overlay-gradient":""},"tablet":{"background-color":"var(--ast-global-color-5)","background-image":"","background-repeat":"repeat","background-position":"center center","background-size":"auto","background-attachment":"scroll","background-type":"","background-media":"","overlay-type":"","overlay-color":"","overlay-opacity":"","overlay-gradient":""},"mobile":{"background-color":"var(--ast-global-color-5)","background-image":"","background-repeat":"repeat","background-position":"center center","background-size":"auto","background-attachment":"scroll","background-type":"","background-media":"","overlay-type":"","overlay-color":"","overlay-opacity":"","overlay-gradient":""}},"footnotes":""},"yoast_head":"<!-- This site is optimized with the Yoast SEO plugin v24.5 - https:\/\/yoast.com\/wordpress\/plugins\/seo\/ -->\n<title>Motorrad - motorradcamperreisen.de<\/title>\n<meta name=\"robots\" content=\"index, follow, max-snippet:-1, max-image-preview:large, max-video-preview:-1\" \/>\n<link rel=\"canonical\" href=\"http:\/\/motorradcamperreisen.de\/?page_id=26\" \/>\n<meta property=\"og:locale\" content=\"de_DE\" \/>\n<meta property=\"og:type\" content=\"article\" \/>\n<meta property=\"og:title\" content=\"Motorrad - motorradcamperreisen.de\" \/>\n<meta property=\"og:description\" content=\"Motorradfahren &#8211; eine Leidenschaft, die ich nun seit 2014 habe. Es begann mit einer Reha. Meine damaligen Mitstreiter (an dieser Stelle erw\u00e4hne ich mal, dass ich mit M\u00e4nnern deutlich besser klar komme als mit Frauen &#8211; vor allem wenn sie das Tussi-Gen haben) fuhren Motorrad. Immer wieder erz\u00e4hlten sie auch von Touren, von Ihren Motorr\u00e4dern, [&hellip;]\" \/>\n<meta property=\"og:url\" content=\"http:\/\/motorradcamperreisen.de\/?page_id=26\" \/>\n<meta property=\"og:site_name\" content=\"motorradcamperreisen.de\" \/>\n<meta property=\"article:modified_time\" content=\"2022-05-29T15:40:01+00:00\" \/>\n<meta name=\"twitter:card\" content=\"summary_large_image\" \/>\n<meta name=\"twitter:label1\" content=\"Gesch\u00e4tzte Lesezeit\" \/>\n\t<meta name=\"twitter:data1\" content=\"3\u00a0Minuten\" \/>\n<script type=\"application\/ld+json\" class=\"yoast-schema-graph\">{\"@context\":\"https:\/\/schema.org\",\"@graph\":[{\"@type\":\"WebPage\",\"@id\":\"http:\/\/motorradcamperreisen.de\/?page_id=26\",\"url\":\"http:\/\/motorradcamperreisen.de\/?page_id=26\",\"name\":\"Motorrad - motorradcamperreisen.de\",\"isPartOf\":{\"@id\":\"http:\/\/motorradcamperreisen.de\/#website\"},\"datePublished\":\"2021-02-06T20:21:03+00:00\",\"dateModified\":\"2022-05-29T15:40:01+00:00\",\"breadcrumb\":{\"@id\":\"http:\/\/motorradcamperreisen.de\/?page_id=26#breadcrumb\"},\"inLanguage\":\"de\",\"potentialAction\":[{\"@type\":\"ReadAction\",\"target\":[\"http:\/\/motorradcamperreisen.de\/?page_id=26\"]}]},{\"@type\":\"BreadcrumbList\",\"@id\":\"http:\/\/motorradcamperreisen.de\/?page_id=26#breadcrumb\",\"itemListElement\":[{\"@type\":\"ListItem\",\"position\":1,\"name\":\"Startseite\",\"item\":\"http:\/\/motorradcamperreisen.de\/\"},{\"@type\":\"ListItem\",\"position\":2,\"name\":\"Motorrad\"}]},{\"@type\":\"WebSite\",\"@id\":\"http:\/\/motorradcamperreisen.de\/#website\",\"url\":\"http:\/\/motorradcamperreisen.de\/\",\"name\":\"motorradcamperreisen.de\",\"description\":\"Motorradtouren, Camperreisen, St\u00e4dtetrips und was mir sonst noch so einf\u00e4llt....\",\"publisher\":{\"@id\":\"http:\/\/motorradcamperreisen.de\/#\/schema\/person\/3b5f74e4181c032b66d5c7b9f7ec1790\"},\"potentialAction\":[{\"@type\":\"SearchAction\",\"target\":{\"@type\":\"EntryPoint\",\"urlTemplate\":\"http:\/\/motorradcamperreisen.de\/?s={search_term_string}\"},\"query-input\":{\"@type\":\"PropertyValueSpecification\",\"valueRequired\":true,\"valueName\":\"search_term_string\"}}],\"inLanguage\":\"de\"},{\"@type\":[\"Person\",\"Organization\"],\"@id\":\"http:\/\/motorradcamperreisen.de\/#\/schema\/person\/3b5f74e4181c032b66d5c7b9f7ec1790\",\"name\":\"Bile66\",\"image\":{\"@type\":\"ImageObject\",\"inLanguage\":\"de\",\"@id\":\"http:\/\/motorradcamperreisen.de\/#\/schema\/person\/image\/\",\"url\":\"http:\/\/motorradcamperreisen.de\/wp-content\/uploads\/2022\/07\/IMG_20191005_143007-scaled.jpg\",\"contentUrl\":\"http:\/\/motorradcamperreisen.de\/wp-content\/uploads\/2022\/07\/IMG_20191005_143007-scaled.jpg\",\"width\":1920,\"height\":2560,\"caption\":\"Bile66\"},\"logo\":{\"@id\":\"http:\/\/motorradcamperreisen.de\/#\/schema\/person\/image\/\"},\"sameAs\":[\"http:\/\/motorradcamperreisen.de\"]}]}<\/script>\n<!-- \/ Yoast SEO plugin. -->","yoast_head_json":{"title":"Motorrad - motorradcamperreisen.de","robots":{"index":"index","follow":"follow","max-snippet":"max-snippet:-1","max-image-preview":"max-image-preview:large","max-video-preview":"max-video-preview:-1"},"canonical":"http:\/\/motorradcamperreisen.de\/?page_id=26","og_locale":"de_DE","og_type":"article","og_title":"Motorrad - motorradcamperreisen.de","og_description":"Motorradfahren &#8211; eine Leidenschaft, die ich nun seit 2014 habe. Es begann mit einer Reha. Meine damaligen Mitstreiter (an dieser Stelle erw\u00e4hne ich mal, dass ich mit M\u00e4nnern deutlich besser klar komme als mit Frauen &#8211; vor allem wenn sie das Tussi-Gen haben) fuhren Motorrad. Immer wieder erz\u00e4hlten sie auch von Touren, von Ihren Motorr\u00e4dern, [&hellip;]","og_url":"http:\/\/motorradcamperreisen.de\/?page_id=26","og_site_name":"motorradcamperreisen.de","article_modified_time":"2022-05-29T15:40:01+00:00","twitter_card":"summary_large_image","twitter_misc":{"Gesch\u00e4tzte Lesezeit":"3\u00a0Minuten"},"schema":{"@context":"https:\/\/schema.org","@graph":[{"@type":"WebPage","@id":"http:\/\/motorradcamperreisen.de\/?page_id=26","url":"http:\/\/motorradcamperreisen.de\/?page_id=26","name":"Motorrad - motorradcamperreisen.de","isPartOf":{"@id":"http:\/\/motorradcamperreisen.de\/#website"},"datePublished":"2021-02-06T20:21:03+00:00","dateModified":"2022-05-29T15:40:01+00:00","breadcrumb":{"@id":"http:\/\/motorradcamperreisen.de\/?page_id=26#breadcrumb"},"inLanguage":"de","potentialAction":[{"@type":"ReadAction","target":["http:\/\/motorradcamperreisen.de\/?page_id=26"]}]},{"@type":"BreadcrumbList","@id":"http:\/\/motorradcamperreisen.de\/?page_id=26#breadcrumb","itemListElement":[{"@type":"ListItem","position":1,"name":"Startseite","item":"http:\/\/motorradcamperreisen.de\/"},{"@type":"ListItem","position":2,"name":"Motorrad"}]},{"@type":"WebSite","@id":"http:\/\/motorradcamperreisen.de\/#website","url":"http:\/\/motorradcamperreisen.de\/","name":"motorradcamperreisen.de","description":"Motorradtouren, Camperreisen, St\u00e4dtetrips und was mir sonst noch so einf\u00e4llt....","publisher":{"@id":"http:\/\/motorradcamperreisen.de\/#\/schema\/person\/3b5f74e4181c032b66d5c7b9f7ec1790"},"potentialAction":[{"@type":"SearchAction","target":{"@type":"EntryPoint","urlTemplate":"http:\/\/motorradcamperreisen.de\/?s={search_term_string}"},"query-input":{"@type":"PropertyValueSpecification","valueRequired":true,"valueName":"search_term_string"}}],"inLanguage":"de"},{"@type":["Person","Organization"],"@id":"http:\/\/motorradcamperreisen.de\/#\/schema\/person\/3b5f74e4181c032b66d5c7b9f7ec1790","name":"Bile66","image":{"@type":"ImageObject","inLanguage":"de","@id":"http:\/\/motorradcamperreisen.de\/#\/schema\/person\/image\/","url":"http:\/\/motorradcamperreisen.de\/wp-content\/uploads\/2022\/07\/IMG_20191005_143007-scaled.jpg","contentUrl":"http:\/\/motorradcamperreisen.de\/wp-content\/uploads\/2022\/07\/IMG_20191005_143007-scaled.jpg","width":1920,"height":2560,"caption":"Bile66"},"logo":{"@id":"http:\/\/motorradcamperreisen.de\/#\/schema\/person\/image\/"},"sameAs":["http:\/\/motorradcamperreisen.de"]}]}},"_links":{"self":[{"href":"http:\/\/motorradcamperreisen.de\/index.php?rest_route=\/wp\/v2\/pages\/26"}],"collection":[{"href":"http:\/\/motorradcamperreisen.de\/index.php?rest_route=\/wp\/v2\/pages"}],"about":[{"href":"http:\/\/motorradcamperreisen.de\/index.php?rest_route=\/wp\/v2\/types\/page"}],"author":[{"embeddable":true,"href":"http:\/\/motorradcamperreisen.de\/index.php?rest_route=\/wp\/v2\/users\/1"}],"replies":[{"embeddable":true,"href":"http:\/\/motorradcamperreisen.de\/index.php?rest_route=%2Fwp%2Fv2%2Fcomments&post=26"}],"version-history":[{"count":2,"href":"http:\/\/motorradcamperreisen.de\/index.php?rest_route=\/wp\/v2\/pages\/26\/revisions"}],"predecessor-version":[{"id":854,"href":"http:\/\/motorradcamperreisen.de\/index.php?rest_route=\/wp\/v2\/pages\/26\/revisions\/854"}],"wp:attachment":[{"href":"http:\/\/motorradcamperreisen.de\/index.php?rest_route=%2Fwp%2Fv2%2Fmedia&parent=26"}],"curies":[{"name":"wp","href":"https:\/\/api.w.org\/{rel}","templated":true}]}}